{"id":2002,"date":"2024-06-01T03:49:01","date_gmt":"2024-06-01T03:49:01","guid":{"rendered":"https:\/\/maestria.utselva.edu.mx\/?page_id=2002"},"modified":"2024-08-06T02:40:13","modified_gmt":"2024-08-06T02:40:13","slug":"plan-de-estudios","status":"publish","type":"page","link":"https:\/\/maestria.utselva.edu.mx\/index.php\/alumnos\/plan-de-estudios\/","title":{"rendered":"PLAN DE ESTUDIOS"},"content":{"rendered":"\t\t<div data-elementor-type=\"wp-page\" data-elementor-id=\"2002\" class=\"elementor elementor-2002\">\n\t\t\t\t<div class=\"aux-parallax-section elementor-element elementor-element-e40722c e-flex e-con-boxed e-con e-parent\" data-id=\"e40722c\" data-element_type=\"container\" data-e-type=\"container\" data-settings=\"{&quot;background_background&quot;:&quot;classic&quot;}\">\n\t\t\t\t\t<div class=\"e-con-inner\">\n\t\t\t\t<div class=\"elementor-element elementor-element-441792d elementor-widget elementor-widget-spacer\" data-id=\"441792d\" data-element_type=\"widget\" data-e-type=\"widget\" data-widget_type=\"spacer.default\">\n\t\t\t\t<div class=\"elementor-widget-container\">\n\t\t\t\t\t\t\t<div class=\"elementor-spacer\">\n\t\t\t<div class=\"elementor-spacer-inner\"><\/div>\n\t\t<\/div>\n\t\t\t\t\t\t<\/div>\n\t\t\t\t<\/div>\n\t\t\t\t<div class=\"elementor-element elementor-element-af1e2e6 elementor-widget elementor-widget-heading\" data-id=\"af1e2e6\" data-element_type=\"widget\" data-e-type=\"widget\" data-widget_type=\"heading.default\">\n\t\t\t\t<div class=\"elementor-widget-container\">\n\t\t\t\t\t<h2 class=\"elementor-heading-title elementor-size-default\">Plan de estudios<\/h2>\t\t\t\t<\/div>\n\t\t\t\t<\/div>\n\t\t\t\t<div class=\"elementor-element elementor-element-74a0099 elementor-widget elementor-widget-spacer\" data-id=\"74a0099\" data-element_type=\"widget\" data-e-type=\"widget\" data-widget_type=\"spacer.default\">\n\t\t\t\t<div class=\"elementor-widget-container\">\n\t\t\t\t\t\t\t<div class=\"elementor-spacer\">\n\t\t\t<div class=\"elementor-spacer-inner\"><\/div>\n\t\t<\/div>\n\t\t\t\t\t\t<\/div>\n\t\t\t\t<\/div>\n\t\t\t\t\t<\/div>\n\t\t\t\t<\/div>\n\t\t<div class=\"aux-parallax-section elementor-element elementor-element-1437c7f e-flex e-con-boxed e-con e-parent\" data-id=\"1437c7f\" data-element_type=\"container\" data-e-type=\"container\">\n\t\t\t\t\t<div class=\"e-con-inner\">\n\t\t<div class=\"elementor-element elementor-element-189ecfd e-con-full e-flex e-con e-child\" data-id=\"189ecfd\" data-element_type=\"container\" data-e-type=\"container\">\n\t\t\t\t<div class=\"elementor-element elementor-element-c13b3b8 elementor-widget elementor-widget-heading\" data-id=\"c13b3b8\" data-element_type=\"widget\" data-e-type=\"widget\" data-widget_type=\"heading.default\">\n\t\t\t\t<div class=\"elementor-widget-container\">\n\t\t\t\t\t<h2 class=\"elementor-heading-title elementor-size-default\">L\u00edneas de generaci\u00f3n y aplicaci\u00f3n del conocimiento (LGAC)<\/h2>\t\t\t\t<\/div>\n\t\t\t\t<\/div>\n\t\t\t\t<\/div>\n\t\t<div class=\"elementor-element elementor-element-42613c9 e-con-full e-flex e-con e-child\" data-id=\"42613c9\" data-element_type=\"container\" data-e-type=\"container\">\n\t\t\t\t<div class=\"elementor-element elementor-element-03619c7 elementor-widget elementor-widget-text-editor\" data-id=\"03619c7\" data-element_type=\"widget\" data-e-type=\"widget\" data-widget_type=\"text-editor.default\">\n\t\t\t\t<div class=\"elementor-widget-container\">\n\t\t\t\t\t\t\t\t\t<p>Las l\u00edneas de investigaci\u00f3n que se desarrollan en el n\u00facleo acad\u00e9mico b\u00e1sico son:<\/p><ol><li>Tecnolog\u00eda educativa en la ense\u00f1anza de las ciencias b\u00e1sicas.<\/li><li>Ciencia y Tecnolog\u00eda en el contexto.<\/li><li>Investigaci\u00f3n e innovaci\u00f3n en la pr\u00e1ctica docente.<\/li><\/ol>\t\t\t\t\t\t\t\t<\/div>\n\t\t\t\t<\/div>\n\t\t\t\t<\/div>\n\t\t\t\t\t<\/div>\n\t\t\t\t<\/div>\n\t\t<div class=\"aux-parallax-section elementor-element elementor-element-f913914 e-flex e-con-boxed e-con e-parent\" data-id=\"f913914\" data-element_type=\"container\" data-e-type=\"container\">\n\t\t\t\t\t<div class=\"e-con-inner\">\n\t\t<div class=\"elementor-element elementor-element-e932e8a e-con-full e-flex e-con e-child\" data-id=\"e932e8a\" data-element_type=\"container\" data-e-type=\"container\">\n\t\t\t\t<div class=\"elementor-element elementor-element-4d67467 elementor-widget elementor-widget-image\" data-id=\"4d67467\" data-element_type=\"widget\" data-e-type=\"widget\" data-widget_type=\"image.default\">\n\t\t\t\t<div class=\"elementor-widget-container\">\n\t\t\t\t\t\t\t\t\t\t\t\t\t\t\t<img fetchpriority=\"high\" decoding=\"async\" width=\"410\" height=\"1024\" src=\"https:\/\/maestria.utselva.edu.mx\/wp-content\/uploads\/2024\/06\/1-410x1024.png\" class=\"attachment-large size-large wp-image-2205\" alt=\"\" srcset=\"https:\/\/maestria.utselva.edu.mx\/wp-content\/uploads\/2024\/06\/1-410x1024.png 410w, https:\/\/maestria.utselva.edu.mx\/wp-content\/uploads\/2024\/06\/1-120x300.png 120w, https:\/\/maestria.utselva.edu.mx\/wp-content\/uploads\/2024\/06\/1-768x1920.png 768w, https:\/\/maestria.utselva.edu.mx\/wp-content\/uploads\/2024\/06\/1.png 800w\" sizes=\"(max-width: 410px) 100vw, 410px\" \/>\t\t\t\t\t\t\t\t\t\t\t\t\t\t\t<\/div>\n\t\t\t\t<\/div>\n\t\t\t\t<\/div>\n\t\t<div class=\"elementor-element elementor-element-85ea892 e-con-full e-flex e-con e-child\" data-id=\"85ea892\" data-element_type=\"container\" data-e-type=\"container\">\n\t\t\t\t<div class=\"elementor-element elementor-element-c36254b elementor-widget elementor-widget-image\" data-id=\"c36254b\" data-element_type=\"widget\" data-e-type=\"widget\" data-widget_type=\"image.default\">\n\t\t\t\t<div class=\"elementor-widget-container\">\n\t\t\t\t\t\t\t\t\t\t\t\t\t\t\t<img decoding=\"async\" width=\"410\" height=\"1024\" src=\"https:\/\/maestria.utselva.edu.mx\/wp-content\/uploads\/2024\/06\/2-410x1024.png\" class=\"attachment-large size-large wp-image-2206\" alt=\"\" srcset=\"https:\/\/maestria.utselva.edu.mx\/wp-content\/uploads\/2024\/06\/2-410x1024.png 410w, https:\/\/maestria.utselva.edu.mx\/wp-content\/uploads\/2024\/06\/2-120x300.png 120w, https:\/\/maestria.utselva.edu.mx\/wp-content\/uploads\/2024\/06\/2-768x1920.png 768w, https:\/\/maestria.utselva.edu.mx\/wp-content\/uploads\/2024\/06\/2.png 800w\" sizes=\"(max-width: 410px) 100vw, 410px\" \/>\t\t\t\t\t\t\t\t\t\t\t\t\t\t\t<\/div>\n\t\t\t\t<\/div>\n\t\t\t\t<\/div>\n\t\t<div class=\"elementor-element elementor-element-5a75966 e-con-full e-flex e-con e-child\" data-id=\"5a75966\" data-element_type=\"container\" data-e-type=\"container\">\n\t\t\t\t<div class=\"elementor-element elementor-element-d69725f elementor-widget elementor-widget-image\" data-id=\"d69725f\" data-element_type=\"widget\" data-e-type=\"widget\" data-widget_type=\"image.default\">\n\t\t\t\t<div class=\"elementor-widget-container\">\n\t\t\t\t\t\t\t\t\t\t\t\t\t\t\t<img decoding=\"async\" width=\"410\" height=\"1024\" src=\"https:\/\/maestria.utselva.edu.mx\/wp-content\/uploads\/2024\/06\/3-410x1024.png\" class=\"attachment-large size-large wp-image-2207\" alt=\"\" srcset=\"https:\/\/maestria.utselva.edu.mx\/wp-content\/uploads\/2024\/06\/3-410x1024.png 410w, https:\/\/maestria.utselva.edu.mx\/wp-content\/uploads\/2024\/06\/3-120x300.png 120w, https:\/\/maestria.utselva.edu.mx\/wp-content\/uploads\/2024\/06\/3-768x1920.png 768w, https:\/\/maestria.utselva.edu.mx\/wp-content\/uploads\/2024\/06\/3.png 800w\" sizes=\"(max-width: 410px) 100vw, 410px\" \/>\t\t\t\t\t\t\t\t\t\t\t\t\t\t\t<\/div>\n\t\t\t\t<\/div>\n\t\t\t\t<\/div>\n\t\t<div class=\"elementor-element elementor-element-ad065ce e-con-full e-flex e-con e-child\" data-id=\"ad065ce\" data-element_type=\"container\" data-e-type=\"container\">\n\t\t\t\t<div class=\"elementor-element elementor-element-2f8afa7 elementor-widget elementor-widget-image\" data-id=\"2f8afa7\" data-element_type=\"widget\" data-e-type=\"widget\" data-widget_type=\"image.default\">\n\t\t\t\t<div class=\"elementor-widget-container\">\n\t\t\t\t\t\t\t\t\t\t\t\t\t\t\t<img loading=\"lazy\" decoding=\"async\" width=\"800\" height=\"720\" src=\"https:\/\/maestria.utselva.edu.mx\/wp-content\/uploads\/2024\/06\/cuarto.png\" class=\"attachment-large size-large wp-image-2204\" alt=\"\" srcset=\"https:\/\/maestria.utselva.edu.mx\/wp-content\/uploads\/2024\/06\/cuarto.png 800w, https:\/\/maestria.utselva.edu.mx\/wp-content\/uploads\/2024\/06\/cuarto-300x270.png 300w, https:\/\/maestria.utselva.edu.mx\/wp-content\/uploads\/2024\/06\/cuarto-768x691.png 768w\" sizes=\"(max-width: 800px) 100vw, 800px\" \/>\t\t\t\t\t\t\t\t\t\t\t\t\t\t\t<\/div>\n\t\t\t\t<\/div>\n\t\t\t\t<div class=\"elementor-element elementor-element-8562c29 elementor-widget elementor-widget-image\" data-id=\"8562c29\" data-element_type=\"widget\" data-e-type=\"widget\" data-widget_type=\"image.default\">\n\t\t\t\t<div class=\"elementor-widget-container\">\n\t\t\t\t\t\t\t\t\t\t\t\t\t\t\t<img loading=\"lazy\" decoding=\"async\" width=\"800\" height=\"642\" src=\"https:\/\/maestria.utselva.edu.mx\/wp-content\/uploads\/2024\/06\/quinto.png\" class=\"attachment-large size-large wp-image-2203\" alt=\"\" srcset=\"https:\/\/maestria.utselva.edu.mx\/wp-content\/uploads\/2024\/06\/quinto.png 800w, https:\/\/maestria.utselva.edu.mx\/wp-content\/uploads\/2024\/06\/quinto-300x241.png 300w, https:\/\/maestria.utselva.edu.mx\/wp-content\/uploads\/2024\/06\/quinto-768x616.png 768w\" sizes=\"(max-width: 800px) 100vw, 800px\" \/>\t\t\t\t\t\t\t\t\t\t\t\t\t\t\t<\/div>\n\t\t\t\t<\/div>\n\t\t\t\t<div class=\"elementor-element elementor-element-4a02acf elementor-widget elementor-widget-image\" data-id=\"4a02acf\" data-element_type=\"widget\" data-e-type=\"widget\" data-widget_type=\"image.default\">\n\t\t\t\t<div class=\"elementor-widget-container\">\n\t\t\t\t\t\t\t\t\t\t\t\t\t\t\t<img loading=\"lazy\" decoding=\"async\" width=\"800\" height=\"633\" src=\"https:\/\/maestria.utselva.edu.mx\/wp-content\/uploads\/2024\/06\/sexto.png\" class=\"attachment-large size-large wp-image-2202\" alt=\"\" srcset=\"https:\/\/maestria.utselva.edu.mx\/wp-content\/uploads\/2024\/06\/sexto.png 800w, https:\/\/maestria.utselva.edu.mx\/wp-content\/uploads\/2024\/06\/sexto-300x237.png 300w, https:\/\/maestria.utselva.edu.mx\/wp-content\/uploads\/2024\/06\/sexto-768x608.png 768w\" sizes=\"(max-width: 800px) 100vw, 800px\" \/>\t\t\t\t\t\t\t\t\t\t\t\t\t\t\t<\/div>\n\t\t\t\t<\/div>\n\t\t\t\t<\/div>\n\t\t\t\t\t<\/div>\n\t\t\t\t<\/div>\n\t\t<div class=\"aux-parallax-section elementor-element elementor-element-9b0ac79 e-flex e-con-boxed e-con e-parent\" data-id=\"9b0ac79\" data-element_type=\"container\" data-e-type=\"container\">\n\t\t\t\t\t<div class=\"e-con-inner\">\n\t\t\t\t<div class=\"elementor-element elementor-element-4292f3e elementor-widget elementor-widget-spacer\" data-id=\"4292f3e\" data-element_type=\"widget\" data-e-type=\"widget\" data-widget_type=\"spacer.default\">\n\t\t\t\t<div class=\"elementor-widget-container\">\n\t\t\t\t\t\t\t<div class=\"elementor-spacer\">\n\t\t\t<div class=\"elementor-spacer-inner\"><\/div>\n\t\t<\/div>\n\t\t\t\t\t\t<\/div>\n\t\t\t\t<\/div>\n\t\t\t\t\t<\/div>\n\t\t\t\t<\/div>\n\t\t<div class=\"aux-parallax-section elementor-element elementor-element-c33f682 e-flex e-con-boxed e-con e-parent\" data-id=\"c33f682\" data-element_type=\"container\" data-e-type=\"container\">\n\t\t\t\t\t<div class=\"e-con-inner\">\n\t\t\t\t\t<\/div>\n\t\t\t\t<\/div>\n\t\t\t\t<\/div>\n\t\t","protected":false},"excerpt":{"rendered":"<p>Plan de estudios L\u00edneas de generaci\u00f3n y aplicaci\u00f3n del conocimiento (LGAC) Las l\u00edneas de investigaci\u00f3n que se desarrollan en el n\u00facleo acad\u00e9mico b\u00e1sico son: Tecnolog\u00eda educativa en la ense\u00f1anza de las ciencias b\u00e1sicas. Ciencia y Tecnolog\u00eda en el contexto. Investigaci\u00f3n e innovaci\u00f3n en la pr\u00e1ctica docente.<\/p>\n","protected":false},"author":1,"featured_media":0,"parent":1994,"menu_order":4,"comment_status":"closed","ping_status":"closed","template":"","meta":{"footnotes":""},"class_list":["post-2002","page","type-page","status-publish","hentry"],"_links":{"self":[{"href":"https:\/\/maestria.utselva.edu.mx\/index.php\/wp-json\/wp\/v2\/pages\/2002","targetHints":{"allow":["GET"]}}],"collection":[{"href":"https:\/\/maestria.utselva.edu.mx\/index.php\/wp-json\/wp\/v2\/pages"}],"about":[{"href":"https:\/\/maestria.utselva.edu.mx\/index.php\/wp-json\/wp\/v2\/types\/page"}],"author":[{"embeddable":true,"href":"https:\/\/maestria.utselva.edu.mx\/index.php\/wp-json\/wp\/v2\/users\/1"}],"replies":[{"embeddable":true,"href":"https:\/\/maestria.utselva.edu.mx\/index.php\/wp-json\/wp\/v2\/comments?post=2002"}],"version-history":[{"count":43,"href":"https:\/\/maestria.utselva.edu.mx\/index.php\/wp-json\/wp\/v2\/pages\/2002\/revisions"}],"predecessor-version":[{"id":2389,"href":"https:\/\/maestria.utselva.edu.mx\/index.php\/wp-json\/wp\/v2\/pages\/2002\/revisions\/2389"}],"up":[{"embeddable":true,"href":"https:\/\/maestria.utselva.edu.mx\/index.php\/wp-json\/wp\/v2\/pages\/1994"}],"wp:attachment":[{"href":"https:\/\/maestria.utselva.edu.mx\/index.php\/wp-json\/wp\/v2\/media?parent=2002"}],"curies":[{"name":"wp","href":"https:\/\/api.w.org\/{rel}","templated":true}]}}