{"id":1996,"date":"2024-06-01T03:47:48","date_gmt":"2024-06-01T03:47:48","guid":{"rendered":"https:\/\/maestria.utselva.edu.mx\/?page_id=1996"},"modified":"2024-08-08T17:05:34","modified_gmt":"2024-08-08T17:05:34","slug":"inscripciones","status":"publish","type":"page","link":"https:\/\/maestria.utselva.edu.mx\/index.php\/alumnos\/inscripciones\/","title":{"rendered":"INSCRIPCIONES"},"content":{"rendered":"\t\t<div data-elementor-type=\"wp-page\" data-elementor-id=\"1996\" class=\"elementor elementor-1996\">\n\t\t\t\t<div class=\"aux-parallax-section elementor-element elementor-element-80e14d3 e-flex e-con-boxed e-con e-parent\" data-id=\"80e14d3\" data-element_type=\"container\" data-e-type=\"container\">\n\t\t\t\t\t<div class=\"e-con-inner\">\n\t\t<div class=\"elementor-element elementor-element-766ca80 e-flex e-con-boxed e-con e-child\" data-id=\"766ca80\" data-element_type=\"container\" data-e-type=\"container\">\n\t\t\t\t\t<div class=\"e-con-inner\">\n\t\t\t\t<div class=\"elementor-element elementor-element-092f4ee elementor-widget elementor-widget-heading\" data-id=\"092f4ee\" data-element_type=\"widget\" data-e-type=\"widget\" data-widget_type=\"heading.default\">\n\t\t\t\t<div class=\"elementor-widget-container\">\n\t\t\t\t\t<h2 class=\"elementor-heading-title elementor-size-default\">Inscripci\u00f3n<\/h2>\t\t\t\t<\/div>\n\t\t\t\t<\/div>\n\t\t\t\t<div class=\"elementor-element elementor-element-33c96e9 elementor-widget elementor-widget-spacer\" data-id=\"33c96e9\" data-element_type=\"widget\" data-e-type=\"widget\" data-widget_type=\"spacer.default\">\n\t\t\t\t<div class=\"elementor-widget-container\">\n\t\t\t\t\t\t\t<div class=\"elementor-spacer\">\n\t\t\t<div class=\"elementor-spacer-inner\"><\/div>\n\t\t<\/div>\n\t\t\t\t\t\t<\/div>\n\t\t\t\t<\/div>\n\t\t\t\t\t<\/div>\n\t\t\t\t<\/div>\n\t\t\t\t\t<\/div>\n\t\t\t\t<\/div>\n\t\t<div class=\"aux-parallax-section elementor-element elementor-element-545db5c e-flex e-con-boxed e-con e-parent\" data-id=\"545db5c\" data-element_type=\"container\" data-e-type=\"container\">\n\t\t\t\t\t<div class=\"e-con-inner\">\n\t\t<div class=\"elementor-element elementor-element-47e6b96 e-con-full e-flex e-con e-child\" data-id=\"47e6b96\" data-element_type=\"container\" data-e-type=\"container\">\n\t\t\t\t<div class=\"elementor-element elementor-element-00a2ed1 elementor-widget elementor-widget-text-editor\" data-id=\"00a2ed1\" data-element_type=\"widget\" data-e-type=\"widget\" data-widget_type=\"text-editor.default\">\n\t\t\t\t<div class=\"elementor-widget-container\">\n\t\t\t\t\t\t\t\t\t<div class=\"elementor-element elementor-element-45d010a e-con-full e-flex e-con e-child\" data-id=\"45d010a\" data-element_type=\"container\"><div class=\"elementor-element elementor-element-532bf93 elementor-widget elementor-widget-text-editor\" data-id=\"532bf93\" data-element_type=\"widget\" data-widget_type=\"text-editor.default\"><div class=\"elementor-widget-container\"><p>El proceso de admisi\u00f3n se llevar\u00e1 a cabo a partir de la entrega de fichas del 03 de junio al 09 de agosto de 2024 e<span style=\"font-style: inherit; font-weight: inherit; text-align: var(--text-align); background-color: var(--ast-global-color-5); color: var(--ast-global-color-3);\">n las oficinas de control escolar de la Universidad Tecnol\u00f3gica de la Selva (personal)<\/span><\/p><p><span style=\"font-style: inherit; font-weight: inherit; text-align: var(--text-align); background-color: var(--ast-global-color-5); color: var(--ast-global-color-3);\">\u00a0<\/span><\/p><p>\u00a0<\/p><ol><li>Realizar los pagos vigentes por conceptos de colegiatura e inscripci\u00f3n.<ul><li>Inscripci\u00f3n anual (una vez cada a\u00f1o) $1,825.00<\/li><li>Colegiatura cuatrimestral $3,725.00<\/li><\/ul><\/li><li>Traer los documentos originales y dos copias<\/li><li>Canjear el comprobante de pago por el recibo oficial de pago antes de pasar a control escolar.<\/li><li>Cursos proped\u00e9utico e inicio del curso<\/li><\/ol><p>Las actividades formales del primer cuatrimestre inician el 4 de septiembre de 2024.<\/p><\/div><\/div><\/div><div class=\"elementor-element elementor-element-767875d e-con-full e-flex e-con e-child\" data-id=\"767875d\" data-element_type=\"container\">\u00a0<\/div>\t\t\t\t\t\t\t\t<\/div>\n\t\t\t\t<\/div>\n\t\t\t\t<\/div>\n\t\t<div class=\"elementor-element elementor-element-ae270f7 e-con-full e-flex e-con e-child\" data-id=\"ae270f7\" data-element_type=\"container\" data-e-type=\"container\">\n\t\t\t\t<div class=\"elementor-element elementor-element-07cf5ef elementor-widget elementor-widget-image\" data-id=\"07cf5ef\" data-element_type=\"widget\" data-e-type=\"widget\" data-widget_type=\"image.default\">\n\t\t\t\t<div class=\"elementor-widget-container\">\n\t\t\t\t\t\t\t\t\t\t\t\t\t\t\t<img fetchpriority=\"high\" decoding=\"async\" width=\"1024\" height=\"791\" src=\"https:\/\/maestria.utselva.edu.mx\/wp-content\/uploads\/2024\/06\/Proceso-de-inscripciOn-1-1024x791.png\" class=\"attachment-large size-large wp-image-2160\" alt=\"\" srcset=\"https:\/\/maestria.utselva.edu.mx\/wp-content\/uploads\/2024\/06\/Proceso-de-inscripciOn-1-1024x791.png 1024w, https:\/\/maestria.utselva.edu.mx\/wp-content\/uploads\/2024\/06\/Proceso-de-inscripciOn-1-300x232.png 300w, https:\/\/maestria.utselva.edu.mx\/wp-content\/uploads\/2024\/06\/Proceso-de-inscripciOn-1-768x593.png 768w, https:\/\/maestria.utselva.edu.mx\/wp-content\/uploads\/2024\/06\/Proceso-de-inscripciOn-1-1536x1187.png 1536w, https:\/\/maestria.utselva.edu.mx\/wp-content\/uploads\/2024\/06\/Proceso-de-inscripciOn-1.png 2000w\" sizes=\"(max-width: 1024px) 100vw, 1024px\" \/>\t\t\t\t\t\t\t\t\t\t\t\t\t\t\t<\/div>\n\t\t\t\t<\/div>\n\t\t\t\t<\/div>\n\t\t\t\t\t<\/div>\n\t\t\t\t<\/div>\n\t\t<div class=\"aux-parallax-section elementor-element elementor-element-61656e2 e-flex e-con-boxed e-con e-parent\" data-id=\"61656e2\" data-element_type=\"container\" data-e-type=\"container\">\n\t\t\t\t\t<div class=\"e-con-inner\">\n\t\t\t\t\t<\/div>\n\t\t\t\t<\/div>\n\t\t\t\t<\/div>\n\t\t","protected":false},"excerpt":{"rendered":"<p>Inscripci\u00f3n El proceso de admisi\u00f3n se llevar\u00e1 a cabo a partir de la entrega de fichas del 03 de junio al 09 de agosto de 2024 en las oficinas de control escolar de la Universidad Tecnol\u00f3gica de la Selva (personal) \u00a0 \u00a0 Realizar los pagos vigentes por conceptos de colegiatura e inscripci\u00f3n. Inscripci\u00f3n anual (una [&hellip;]<\/p>\n","protected":false},"author":1,"featured_media":0,"parent":1994,"menu_order":1,"comment_status":"closed","ping_status":"closed","template":"","meta":{"footnotes":""},"class_list":["post-1996","page","type-page","status-publish","hentry"],"_links":{"self":[{"href":"https:\/\/maestria.utselva.edu.mx\/index.php\/wp-json\/wp\/v2\/pages\/1996","targetHints":{"allow":["GET"]}}],"collection":[{"href":"https:\/\/maestria.utselva.edu.mx\/index.php\/wp-json\/wp\/v2\/pages"}],"about":[{"href":"https:\/\/maestria.utselva.edu.mx\/index.php\/wp-json\/wp\/v2\/types\/page"}],"author":[{"embeddable":true,"href":"https:\/\/maestria.utselva.edu.mx\/index.php\/wp-json\/wp\/v2\/users\/1"}],"replies":[{"embeddable":true,"href":"https:\/\/maestria.utselva.edu.mx\/index.php\/wp-json\/wp\/v2\/comments?post=1996"}],"version-history":[{"count":16,"href":"https:\/\/maestria.utselva.edu.mx\/index.php\/wp-json\/wp\/v2\/pages\/1996\/revisions"}],"predecessor-version":[{"id":2448,"href":"https:\/\/maestria.utselva.edu.mx\/index.php\/wp-json\/wp\/v2\/pages\/1996\/revisions\/2448"}],"up":[{"embeddable":true,"href":"https:\/\/maestria.utselva.edu.mx\/index.php\/wp-json\/wp\/v2\/pages\/1994"}],"wp:attachment":[{"href":"https:\/\/maestria.utselva.edu.mx\/index.php\/wp-json\/wp\/v2\/media?parent=1996"}],"curies":[{"name":"wp","href":"https:\/\/api.w.org\/{rel}","templated":true}]}}